1 - -1))
-8
Calculate (27 - (-4 + 18)) + 2.
15
What is (0 - (-3 + -5)) + (4 - 8)?
4
0 - ((27 - 2) + (13 - 39) + 18)
-17
Calculate 5 - (-1 + -11 + 28 + 2 + 4).
-17
Evaluate -8 + 4 + (-9 + 2 - (1 + -5)).
-7
29 - (-12 - ((-7 - -12) + -25))
21
What is (-17 + 0 - -6) + 2?
-9
Evaluate -9 - ((-1 - 2) + 36 + -34).
-8
37 - 8 - (-19 + 14 - -1)
33
Calculate 4 - ((3 - 12) + (4 - 6)).
15
What is 9 + (-5 - (-25 + 7) - 31)?
-9
What is -9 - ((-4 - 6) + 6 - 0)?
-5
Evaluate (18 - -5) + -23 + (-7 - 2).
-9
4 - (-35 - -14 - -15)
10
What is the value of (14 - 0) + ((-15 - -15) + -9 - -14)?
19
-8 + (-6 - -8) + 12 + -3
3
-5 - (-48 + 7 - -23)
13
Evaluate (-1 - 14) + (6 - 0 - (-141 - -145)).
-13
Calculate 1 - 0 - -8 - (-123 + 144).
-12
Evaluate 13 - (-2 + (1 - 5 - (-9 + 0))).
10
Evaluate 2 + -15 + 25 + -15.
-3
-14 + (-1 - -3) + (-94 - -98)
-8
-2 + -2 + (-18 + 7 - -23)
8
Evaluate -7 + (-3 + -4 + 8 - (2 + 2)).
-10
Calculate -15 + 3 + (-3 - (2 + (-7 - -4))).
-14
Evaluate -10 - -2 - (-8 - -23).
-23
-7 + (-31 + 8 - -3) + 11
-16
What is the value of (-1 - -4) + (3 - 0) + 0 + -23?
-17
(-11 - -18) + -10 - -8
5
-2 - (-9 + (4 - -10))
-7
What is (-29 - -21) + -3 + (5 + 5 - 1)?
-2
Calculate (-12 + 8 - -33) + -9 + (3 - 2).
21
Calculate -8 + 24 + (-14 - 0).
2
What is the value of -15 - (-2 - (-2 + 2 - (23 + -27)))?
-9
Calculate (3 - (7 + -16 + 19)) + (0 - -1).
-6
What is the value of 25 + (-29 - -29) + -59?
-34
Evaluate (6 - (4 - 2)) + (-1 - -1).
4
6 + (15 - 11 - 3) - 3
4
What is 227 + -240 - (-11 + 1)?
-3
What is 9 + 0 - ((-43 - -20) + 21)?
11
What is (-4 - (2 + -3)) + (787 - 795)?
-11
What is 1 + 7 - (-318 + 324)?
2
What is the value of -41 + (-23 - -64) - 5?
-5
Calculate 8 - 9 - (8 - -4).
-13
Calculate 4 - ((-2 - 0) + (1 - (-4 - -2))).
3
(-12 - -16) + -4 + 7
7
-5 - ((1 - 16) + -23 + (36 - 6))
3
2 + 22 + -27 - (3 + -3)
-3
23 + -10 + (-1 + -3 - 5)
4
Calculate (34 - 39 - -21) + (0 - (5 + 0)).
11
Calculate 50 + 10 - 42 - (-6 + 2 + -3).
25
What is (22 - 17) + (-4 - (-12 - (-3 + 3)))?
13
What is (8 - (1 + 1)) + (-11 - 12)?
-17
-9 - 1 - (-7 - -22 - 29)
4
What is the value of 0 + 14 + (-45 - -26) - (-7 - 0)?
2
What is the value of (12 + -3 - (11 - 6)) + -3 + -2?
-1
Evaluate 0 + -3 - 1 - (-7 - -7 - -9).
-13
Calculate 18 + (-16 - -26) + -13 + -43.
-28
What is 1 + -11 - (30 + -16 + -9)?
-15
Evaluate (1 - -2) + (7 - 22) - (-15 - -14).
-11
6 + (13 - (11 - -12) - -17)
13
What is 2 + -93 + 76 + 5 + -1?
-11
(-39 - -49) + 0 + -2 + -22
-14
6 + -12 + 4 + 5 + 5
8
Calculate -23 + 22 - (0 + (23 - 2)) - 4.
-26
Evaluate (-9 + 4 - 5) + 5 + -18.
-23
-2 + 13 + (-45 - -21)
-13
What is 6 + (-15 - -1) + (-17 - (2 - 5))?
-22
Evaluate (-8 - 25 - -36) + -16.
-13
What is the value of -8 + 6 + -5 - (-5 - (0 - 7))?
-9
Evaluate -7 + (14 - 9) + 4 + -9.
-7
Evaluate -81 + 74 + 1 + 3 + 1.
-2
Evaluate -40 + 58 + (1 - 4) + -1 + -2.
12
(2 - 27 - -14) + 3 + -14
-22
What is the value of -10 + 6 - -10 - -6 - 3?
9
What is the value of (65 - 57) + 0 + -12?
-4
Calculate 15 + 10 + -20 + -5 - (-1 + -6).
7
Evaluate 13 - (0 + -1 + 7 - (-81 + 81)).
7
What is (-1 + (2 - 5) - -11) + -4 + -2?
1
12 + (-19 - -23 - 6) + (-2 - 32)
-24
What is 14 - 3 - (1 + 4 + -5)?
11
3 + 14 + (-9 - (-1 - -2))
7
Evaluate (-2 + 2 + -10 - 2) + -713 + 726.
1
What is 5 - -1 - (-5 + (19 - 4))?
-4
What is the value of -2 + 2 + (-1 - 6 - -7)?
0
16 - -8 - 12 - 22
-10
What is the value of -14 - (0 - 8) - (-4 - 11)?
9
Calculate 28 + -72 + 23 + 20.
-1
(-2 - (-15 - -7)) + -4 - (6 + 15)
-19
Calculate 4 - (-42 + -16 + 34).
28
Evaluate -2 - (-5 - -11) - (-3 + 2) - -13.
6
What is -8 + (6 - 4) - (-18 - -5)?
7
4 - ((-3 - -1) + 9 - (-18 - -6))
-15
Calculate -23 + -2 - (-10 + -6 + (14 - 5)).
-18
Evaluate -682 + 674 - (-5 - 1).
-2
5 - (9 - (7 + 25))
28
Evaluate 1 - (-4 + (-15 - -10)).
10
Evaluate (-1 - (-9 + 4) - -1) + -3.
2
10 + (-35 + -7 + -1 - -8 - -6)
-19
What is the value of 0 - -1 - -7 - (-23 + -1 - -31)?
1
What is -10 + (-6 - (-17 - -9)) + 9?
1
5 - (-5 + 9 + 0 - (15 + -2))
14
Evaluate -9 - (24 - 13 - (35 + 1)).
16
Evaluate 0 + -6 - (5 - 29 - -1).
17
What is -128 + 132 + (9 - 3) + -1 - 20?
-11
What is -20 - (-6 + -10 - 0)?
-4
What is -8 - (-5 + -57 + 30)?
24
Calculate 15 + -49 + 28 + 2 + (16 - -3).
15
Evaluate 18 + -1 - (66 - 40).
-9
What is -1 + -11 - (8 - (18 + (11 - 21)))?
-12
What is 3 + -5 + -3 + (-4 - -14)?
5
-1 - 2 - 3 - (-9 + 8 - -8)
-13
What is 2 - 3 - (-30 + 21 + 3 + -1)?
6
-1 - 0 - (8 - (12 - 5))
-2
What is -10 - ((7 + 9 - 4) + -28)?
6
1 + (2 - 1) + -5 + (101 - 81)
17
What is -3 + 1 + -11 + 4 + -6 + 6?
-9
What is the value of -18 - (7 - (21 + 1))?
-3
What is the value of ((-5 + 6 - 5) + 8 - 1) + 0?
3
Calculate (1 - (1 - 2)) + (-9 - -4 - -9).
6
Evaluate 51 + -64 + (-7 - 1).
-21
What is the value of -37 + -24 + 47 + 0 + 4?
-10
1 + 1 + (764 - 752)
14
20 + (-20 - 3) + 8 + 1
6
What is the value of -39 + 65 + (-7 - -2)?
21
What is the value of -5 + 42 + -22 - 25?
-10
What is the value of 28 - (2 - 20 - -25)?
21
Calculate -3 + 6 + 10 - (6 - 8).
15
Evaluate (1 - -29) + 23 + -83 + 65.
35
Evaluate -38 + (-14 - -32) + 6 + -5.
-19
Evaluate 14 + 14 + (6 - 12) + -21.
1
What is the value of 5 + (-7 + 0 - (-11 - -8)) - -13?
14
What is the value of (1 - -5) + (54 - (11 + 29))?
20
Evaluate 0 + 22 - (1370 + -1362).
14
What is 6 + (-19 - -33) + -40?
-20
Calculate (-5 - (-25 - -2)) + -15 + (31 - 19).
15
What is the value of 0 + 5 + (12 + -5 - 0 - 19)?
-7
What is 2 - (25 + -10 - 1) - -11?
-1
What is (-8 - -15) + (-4 - -1) + 4?
8
-50 + 26 + -6 + 7
-23
Calculate -17 - ((9 - 8) + -11).
-7
(-13 + 3 - -9) + -13
-14
What is the value of 11 + -12 - (-7 + (2 - (-2 - 0)))?
2
3 - (-1 + (7 - -2 - 5) + -7)
7
What is the value of 88 + -85 + (1 - 2) + -1 + 13?
14
-8 + 1 + (5 - (1 + -6 + 5))
-2
Calculate (15 - (3 - (7 + -9))) + -5.
5
Calculate -1 + 0 + 3 + -4 + (122 - 119).
1
What is the value of -14 + (-2 - -14) + 1 + 14?
13
What is the value of -11 - (-1 + -1) - (11 - 14 - -3)?
-9
What is 12 + -40 + 38 - (-12 - 0)?
22
Evaluate (-9 - 1) + (-46 - -56) - (-2 - 29).
31
What is the value of 6 + (1 - 8) + 0 + 3?
2
Evaluate 41 + -32 + (1 - 0) + (-1 - -3).
12
Evaluate -1 + -29 + 12 + 26 - (-9 - 0).
17
What is (-35 - (-19 + 6)) + (2 - -1)?
-19
Evaluate 10 + 13 + (-11 - 3).
9
What is the value of 1 + 2 + 32 + -42 + 28?
21
Evaluate (1 - 25) + (4 - (8 - (-3 - -9))).
-22
What is -7 - ((-2 - 0 - (63 + -65)) + -7)?
0
(-1 - 2) + -1 + (2410 - 2378)
28
What is the value of -3 + (5 - 8) + 4 - (1 + 1)?
-4
What is the value of -47 + 19 + 14 - -12?
-2
Calculate 23 - (27 - (11 + 1 - -2)).
10
What is the value of 12 + (-25 + 24 - -22)?
33
Evaluate -2 + (3 - (4 + -5) - 6 - -6).
2
Calculate 8 + -15 + 8 + (0 - (-4 + 15)).
-10
0 - (1 + -6) - ((26 - 56) + 24)
11
Evaluate 0 + 29 - (-19 + (49 - 11) + -8).
18
Evaluate 10 + 0 + (-6 - (0 - 13)) + -12.
5
-13 - (-17 + 2) - 15
-13
What is (4 - -3 - (26 + -18 - -4)) + 1?
-4
What is -4 - (-5 - 1) - (10 + -7)?
-1
What is (-98 + 155 - 46) + (0 - (6 + -1))?
6
What is -7 - -2 - (4 + -11 + 3 + 14)?
-15
What is 21 - (-1 - 2) - (13 - 8)?
19
Calculate -11 + (7 - 8) + 7.
-5
What is the value of 7 + (-8 - 5) - (-12 - 5)?
11
What is -1 - (-4 + -6) - 2 - (37 - 47)?
17
What is 8 + (-27 - -16) + (-2 - -10)?
5
-9 - (1 + -18) - 10
-2
What is -18 - (17 - 5 - (14 - 8))?
-24
What is -18 + 36 + -9 + (-4 - -1 - 2)?
4
9 - ((-13 - -32) + (1 - 10))
-1
(4 - (3 - 9)) + -118 + 125
17
-15 + -9 + 3 + 11 - (-8 + 3)
-5
What is the value of 6 - -2 - (21 + 4 + -22)?
5
What is the value of -17 + (18 - -15 - 21)?
-5
What is 17 + -73 + 18 + 10?
-28
Calculate 2 - 14 - (33 + -44 + 6).
-7
What is 13 + -34 + 14 + (13 - -1) + 3?
10
-13 - -14 - (-1 + 3) - (1 - 10)
8
What is (119 - 88) + (-16 - -4)?
19
Calculate 3 - (-3 + -2 - 1 - 0).
9
What is -737 - -727 - (0 + -2 + 5)?
-13
What is -3 + (-4 - -1) + -2 + 0 + 3?
-5
Calculate 57 + -41 + 2 + (-11 - -7).
14
What is 89 + -70 - (22 - 5)?
2
What is -13 + 1 + -3 + -491 + 506?
0
-14 + 2 + -10 + 18 - -4
0
0 + -6 + 4 + 9 + (-5 - 0)
2
What is the value of 13 - (12 + (-4 - 11))?
16
What is the value of 41 - 29 - -20 - 12?
20
What is the value of (17 - 16) + -9 - -17?
9
Calculate 4 + 16 - (1 - -17 - (-41 - -51)).
12
What is the value of 19 + 27 + -14 + 2 - 7?
27
8 + -11 - -11 - 3
5
Evaluate 72 - (51 - 42) - 42.
21
-5 - (-6 - (4 - (2 + 26 - 8)))
-15
What is the value of -1 + -4 + 0 + 